
In base 9, what is -58 + 147?
78
In base 4, what is -11 + 2030320?
2030303
In base 11, what is -13 - 206?
-219
In base 13, what is -1045 + 3?
-1042
In base 9, what is -7814 + 5?
-7808
In base 11, what is 2214 - -56?
226a
In base 14, what is -b5439 + -3?
-b543c
In base 6, what is 1 - -23513?
23514
In base 8, what is -753 - 226?
-1201
In base 15, what is -1517 - -17?
-1500
In base 16, what is 8dfd + -6?
8df7
In base 14, what is 149a + -2a5?
11d5
In base 10, what is 34 - 2465?
-2431
In base 4, what is -13231323 + -20?
-13232003
In base 6, what is -224250 - 10?
-224300
In base 15, what is -2487 + -6?
-248d
In base 6, what is -54 - 13301?
-13355
In base 11, what is 283 + -62?
221
In base 4, what is 13 - -33323003?
33323022
In base 5, what is -4 + -10103?
-10112
In base 9, what is -242 - -85?
-146
In base 4, what is 1 + 311310010?
311310011
In base 15, what is -5 + 28b8?
28b3
In base 13, what is c5 + -2c?
96
In base 6, what is 421004 + 104?
421112
In base 4, what is -2113 + 1202?
-311
In base 4, what is -12232120 + -31?
-12232211
In base 14, what is -13aa71 + 4?
-13aa6b
In base 3, what is -10 + 100122100?
100122020
In base 15, what is -3 - 30b71?
-30b74
In base 15, what is -986 - 7?
-98d
In base 7, what is 60323 - 21?
60302
In base 12, what is -2 + 157a?
1578
In base 10, what is -16111 - -4?
-16107
In base 10, what is 50 + -62415?
-62365
In base 14, what is -1c239 - 42?
-1c27b
In base 5, what is 140302 - 321?
134431
In base 7, what is -130 - 13106?
-13236
In base 4, what is -23202322202 - -10?
-23202322132
In base 13, what is -144a - 4?
-1451
In base 10, what is 2 - 10999?
-10997
In base 10, what is -5 + 7483?
7478
In base 11, what is 1 + -565719?
-565718
In base 7, what is 51 - 23?
25
In base 6, what is -5 + 4150032?
4150023
In base 15, what is -2 - -3c039?
3c037
In base 4, what is 31333002 - 3?
31332333
In base 11, what is 3 - -35062?
35065
In base 12, what is 1a + 115a34?
115a52
In base 10, what is 14934 + 27?
14961
In base 4, what is -1313021202 - 1?
-1313021203
In base 6, what is 30105002 - -5?
30105011
In base 11, what is 140 - -690?
820
In base 16, what is -a9 + 1?
-a8
In base 5, what is 3 - -1404413?
1404421
In base 12, what is 628 - -5?
631
In base 4, what is 13 + 22312021?
22312100
In base 3, what is -10202121101 - 20?
-10202121121
In base 2, what is 11 + -1001100010000000?
-1001100001111101
In base 13, what is 146c6 - 3?
146c3
In base 5, what is -1431 - -14441?
13010
In base 5, what is 21 - -13044?
13120
In base 13, what is -125 + 44c?
327
In base 2, what is -101010000 - -110100?
-100011100
In base 9, what is -160 - -22?
-137
In base 9, what is -5 - 34065?
-34071
In base 12, what is 3 + 30b01?
30b04
In base 3, what is 2202 - 10210200201?
-10210120222
In base 2, what is -1011001010011001011 + -100?
-1011001010011001111
In base 3, what is -10112 - 100120021?
-100200210
In base 9, what is 22641 + -11?
22630
In base 10, what is -258 + -207?
-465
In base 8, what is -12571 + -36?
-12627
In base 3, what is -2112 - -2?
-2110
In base 2, what is -111111 + -1010101?
-10010100
In base 16, what is 525 - f?
516
In base 12, what is 20 - -92748?
92768
In base 4, what is 1011 - -1100?
2111
In base 11, what is -318 + -12?
-32a
In base 11, what is 1 - -22849?
2284a
In base 3, what is 100112 + -10200?
12212
In base 13, what is 8 + a881?
a889
In base 5, what is -2140322 - -32?
-2140240
In base 8, what is 1 - 716217?
-716216
In base 2, what is -1010111001000 + -110?
-1010111001110
In base 2, what is 111111001100110 - -10011?
111111001111001
In base 11, what is -177 + -27?
-1a3
In base 3, what is -1221 - 120002?
-122000
In base 6, what is -1030253 - 1?
-1030254
In base 13, what is 2 - -15737?
15739
In base 15, what is -1c5 - -5?
-1c0
In base 14, what is -51841b + -4?
-518421
In base 4, what is -21 + -333032100?
-333032121
In base 16, what is -1606 + 5?
-1601
In base 11, what is -32331 - 9?
-3233a
In base 7, what is 131113 + -25?
131055
In base 4, what is -11322 + -11110?
-23032
In base 13, what is 381c + -7?
3815
In base 2, what is -1 + 1101010100011?
1101010100010
In base 13, what is 40 + 803?
843
In base 3, what is -221221 - 1020012?
-2012010
In base 10, what is 183 - -999?
1182
In base 14, what is -76b8 + -a?
-76c4
In base 10, what is -250 - 5323?
-5573
In base 10, what is 1215 - -58?
1273
In base 11, what is 0 + -a01?
-a01
In base 13, what is 36 + 8aa9?
8b12
In base 14, what is -d0d + d1?
-c1c
In base 7, what is 141 + 4220?
4361
In base 13, what is -a692 - 4?
-a696
In base 16, what is b74 + -21?
b53
In base 14, what is 9 + c5a?
c65
In base 10, what is -557 - -183?
-374
In base 5, what is -12 + 32201000?
32200433
In base 6, what is 2221151 + 5?
2221200
In base 6, what is 154 + -30544?
-30350
In base 8, what is -3525 + -105?
-3632
In base 3, what is 1102001 + -200?
1101101
In base 7, what is -650255 + -5?
-650263
In base 3, what is 10 + 1011022102111?
1011022102121
In base 10, what is -4 + -7577?
-7581
In base 10, what is -1795988 - 4?
-1795992
In base 12, what is 5 - 11a8?
-11a3
In base 4, what is 203 - -22313102?
22313311
In base 2, what is -10100001011100000 - 101?
-10100001011100101
In base 6, what is -25342 - 43?
-25425
In base 6, what is -230030 - -20?
-230010
In base 15, what is 1 - -18ab1?
18ab2
In base 2, what is 100010100 + 1101111000?
10010001100
In base 11, what is 817 - -3a?
856
In base 11, what is -187 + -164?
-340
In base 9, what is 1 + -7252?
-7251
In base 6, what is -4515 + -201?
-5120
In base 6, what is 11 - 2255212?
-2255201
In base 13, what is -2 - 255a0?
-255a2
In base 7, what is 16110315 - -3?
16110321
In base 11, what is a65a63 - 0?
a65a63
In base 3, what is 2222100122 - 100?
2222100022
In base 16, what is 1ab - -49b?
646
In base 3, what is 112 + 10211020?
10211202
In base 2, what is -1110100101 + 10110100?
-1011110001
In base 7, what is 213 - -32451?
32664
In base 10, what is 21 + 799?
820
In base 12, what is -44b11 - 2?
-44b13
In base 16, what is 9 + 3d74?
3d7d
In base 15, what is 1 + 65917?
65918
In base 7, what is -212 - 3550?
-4062
In base 6, what is -252355 + 5?
-252350
In base 15, what is -1 - 567b?
-567c
In base 13, what is 5 - 105307?
-105302
In base 13, what is -2c12 - 3?
-2c15
In base 7, what is 5 - -164103?
164111
In base 9, what is -8 + -7755?
-7764
In base 5, what is 114031 - 0?
114031
In base 14, what is 164a9 + -9?
164a0
In base 9, what is 3 + -712185?
-712182
In base 6, what is -2 + -2233050?
-2233052
In base 15, what is 4c37 + 1?
4c38
In base 6, what is 2 + -1212140?
-1212134
In base 4, what is -2202322 + 232?
-2202030
In base 3, what is -12 - 11012112?
-11012201
In base 9, what is -742 + -118?
-861
In base 12, what is 8 + -7572?
-7566
In base 10, what is 195572 - -1?
195573
In base 8, what is 30462 + 11?
30473
In base 14, what is -d + da9?
d9a
In base 8, what is -17540 + -1?
-17541
In base 8, what is -2731 + 22?
-2707
In base 15, what is 4 + 5bcb?
5bd0
In base 2, what is -11 + -11101111101111?
-11101111110010
In base 14, what is 0 + -635c2?
-635c2
In base 10, what is -138118 - 5?
-138123
In base 9, what is -120111 - 1?
-120112
In base 4, what is 1002 + -320202?
-313200
In base 6, what is 3 - -34545504?
34545511
In base 13, what is 136b + -78?
12c3
In base 9, what is -77674 - -38?
-77635
In base 8, what is 5 + 4552454?
4552461
In base 13, what is 18 + -5?
13
In base 14, what is -21ccd - 3?
-21cd2
In base 7, what is 161 + 14522?
15013
In base 4, what is 11 + -3210231?
-3210220
In base 11, what is -619 + -113?
-731
In base 10, what is -11 + 43821?
43810
In base 4, what is -211 + -221230?
-222101
In base 14, what is -15 - a3dc?
-a413
In base 8, what is -47 - -637?
570
In base 4, what is 1210233110 + -1?
1210233103
In base 12, what is -8 + 3212b?
32123
In base 9, what is 24332 + -4?
24327
In base 8, what is 5164 - 6?
5156
In base 10, what is -110 + -446?
-556
In base 2, what is -11110010110110100 - 11101?
-11110010111010001
In base 2, what is -110110001001 + -1101111101?
-1000100000110
In base 15, what is -2ee9 + 5?
-2ee4
In base 5, what is 21143122 + -1?
21143121
In base 11, what is -6 + -6156?
-6161
In base 12, what is -a + 2aba0?
2ab92
In base 15, what is -7 - -5c1?
5b9
In base 16, what is 3520 + 2?
3522
In base 10, what is -52609 - 2?
-52611
In base 9, what is -2727 + -4?
-2732
In base 15, what is -d - -6c3?
6b5
